1563306?
False
Does 3029 divide 139915568?
True
Is 124 a factor of 948611160?
True
Does 655 divide 76908790?
True
Is 307666819 a multiple of 8?
False
Does 8748 divide 1223976420?
True
Is 663760479 a multiple of 650?
False
Is 14108545 a multiple of 292?
False
Does 668 divide 71835384?
True
Is 736 a factor of 71226400?
True
Is 153 a factor of 2493797949?
True
Does 7 divide 6110322?
False
Does 1244 divide 384539337?
False
Is 13500540 a multiple of 414?
True
Is 474 a factor of 2813956?
False
Is 1007 a factor of 3819684931?
True
Is 6237048706 a multiple of 2363?
True
Does 735 divide 42718935?
True
Is 3958 a factor of 1394482560?
True
Is 147080319 a multiple of 152?
False
Is 264192525 a multiple of 549?
True
Is 6766 a factor of 2549685908?
True
Does 136 divide 11059511?
False
Does 104 divide 70241184?
True
Is 4671 a factor of 732977115?
False
Is 78 a factor of 23439597?
False
Is 28804055 a multiple of 163?
False
Is 3304371937 a multiple of 315?
False
Is 10295 a factor of 3151575961?
False
Is 332824032 a multiple of 432?
True
Is 301 a factor of 84164115?
True
Is 877 a factor of 786385729?
True
Is 93 a factor of 74662944?
False
Is 10049867 a multiple of 19?
False
Is 1754 a factor of 3057576985?
False
Does 68 divide 40443544?
True
Is 431758050 a multiple of 30?
True
Is 63 a factor of 488343412?
False
Is 190 a factor of 946356180?
True
Is 113 a factor of 1140850260?
True
Is 143621589 a multiple of 223?
True
Is 31947928 a multiple of 475?
False
Does 1653 divide 1404140850?
True
Does 1288 divide 59986024?
True
Is 216 a factor of 11782584?
True
Does 11 divide 236580?
False
Is 132 a factor of 101586122?
False
Does 62 divide 536006306?
True
Is 175055322 a multiple of 164?
False
Does 59 divide 4380600?
False
Is 3175154406 a multiple of 11722?
False
Does 3 divide 90186903?
True
Does 12 divide 203243795?
False
Does 153 divide 1097992566?
True
Does 3 divide 5107980?
True
Is 868 a factor of 7881228?
False
Does 1317 divide 145714305?
False
Does 47 divide 74052676?
False
Does 30 divide 21447870?
True
Is 930 a factor of 337225440?
True
Does 9 divide 40000143?
False
Does 368 divide 41022586?
False
Is 1258451638 a multiple of 5?
False
Is 3310996926 a multiple of 5691?
False
Does 14 divide 34058878?
True
Is 105 a factor of 27517245?
True
Is 74776401 a multiple of 2?
False
Is 14 a factor of 107790438?
True
Is 9 a factor of 2461279?
False
Is 69184122 a multiple of 7?
True
Does 153 divide 10813275?
True
Is 1990880 a multiple of 160?
True
Is 30823790 even?
True
Is 8813237 a multiple of 1249?
False
Does 63 divide 3136518?
True
Is 28960750 a multiple of 455?
True
Is 38 a factor of 122132988?
True
Does 122 divide 94056754?
True
Is 14 a factor of 993335545?
False
Is 76632704 a multiple of 1761?
False
Does 44 divide 24955551?
False
Is 11 a factor of 798085849?
True
Is 55 a factor of 18360925?
True
Does 113 divide 9289278?
True
Does 360 divide 599934960?
True
Is 142577427 a multiple of 8?
False
Is 61260960 a multiple of 160?
True
Does 958 divide 131027576?
True
Does 316 divide 20100444?
True
Does 120 divide 227038680?
True
Is 419175207 a multiple of 253?
True
Is 9699039 a multiple of 9?
True
Does 7 divide 6269174?
False
Does 402 divide 585262554?
True
Is 2302395046 a multiple of 3212?
False
Does 24 divide 31872936?
True
Does 73 divide 12940359?
False
Does 57 divide 90679590?
True
Does 747 divide 14984820?
True
Is 2082408602 a multiple of 94?
True
Is 184056299 a multiple of 46?
False
Is 23354021 a multiple of 406?
False
Is 571391691 a multiple of 23?
True
Is 126 a factor of 2449183243?
False
Does 1128 divide 106836264?
True
Is 16 a factor of 105142484?
False
Does 265 divide 22008780?
True
Does 4 divide 798887896?
True
Is 356617898 a multiple of 725?
False
Is 457428522 a multiple of 1543?
True
Is 9832 a factor of 2683791880?
True
Is 14927379 a multiple of 65?
False
Does 2252 divide 1124810113?
False
Is 873680294 a multiple of 65?
False
Is 2318 a factor of 2819415852?
True
Is 7 a factor of 23637054?
True
Is 114 a factor of 115933868?
False
Is 24 a factor of 1133051784?
True
Is 299 a factor of 77695748?
True
Does 96 divide 1407876567?
False
Is 5 a factor of 67851980?
True
Does 42 divide 27063338?
False
Is 78 a factor of 57456828?
True
Does 136 divide 25581495?
False
Does 6 divide 597230458?
False
Does 82 divide 3750879?
False
Does 195 divide 48698992?
False
Is 69413319 a multiple of 1629?
True
Is 33973848 a multiple of 58?
True
Is 12 a factor of 1201148688?
True
Is 1058286878 a multiple of 2232?
False
Is 64129338 a multiple of 78?
True
Is 2 a factor of 11871283?
False
Does 86 divide 15588399?
False
Does 13 divide 44641974?
True
Does 85 divide 301631850?
True
Does 6 divide 1853632502?
False
Is 272547094 a multiple of 867?
False
Is 867 a factor of 334404501?
True
Is 138 a factor of 591040437?
False
Does 365 divide 36531806?
False
Does 75 divide 8082354?
False
Is 4570 a factor of 234903997?
False
Is 6 a factor of 39578292?
True
Is 23 a factor of 8128706?
True
Is 11 a factor of 8745198?
True
Is 6390490218 a multiple of 4926?
False
Does 24 divide 1664818703?
False
Is 1299600 a multiple of 50?
True
Is 3183880 a multiple of 26?
False
Is 399968817 a multiple of 195?
False
Does 13 divide 4530396487?
False
Is 13 a factor of 30117408?
False
Is 6446 a factor of 187307868?
True
Is 5177 a factor of 666476626?
True
Does 8 divide 1004916633?
False
Is 193 a factor of 275510737?
False
Is 21 a factor of 105775803?
True
Does 75 divide 10264125?
True
Is 536684714 a multiple of 46?
True
Does 34 divide 53467986?
False
Is 19 a factor of 49816005?
True
Is 27 a factor of 633890961?
True
Is 132 a factor of 95761405?
False
Does 35 divide 55911975?
True
Is 268727 a multiple of 333?
False
Does 3153 divide 247445583?
False
Is 2746036 a multiple of 212?
True
Is 293234964 a multiple of 12?
True
Does 18 divide 133743678?
False
Is 2742 a factor of 368423346?
True
Is 25626617 even?
False
Is 587271856 a multiple of 51?
False
Is 41333816 a multiple of 58?
True
Is 160 a factor of 65167680?
True
Is 367 a factor of 3497765432?
True
Is 3650537 a multiple of 517?
True
Is 34 a factor of 5064749?
False
Is 5 a factor of 76377962?
False
Is 99 a factor of 43716420?
True
Is 78260860 a multiple of 172?
True
Does 18 divide 7250987?
False
Does 35 divide 264463997?
False
Is 27 a factor of 372444588?
True
Is 168153678 a multiple of 33?
True
Is 618656769 a multiple of 137?
False
Does 101 divide 24227779?
True
Is 37219916 a multiple of 3?
False
Does 14 divide 5000520?
True
Does 64 divide 70150315?
False
Is 88 a factor of 271591655?
False
Is 2323983789 a multiple of 1237?
False
Is 173494518 a multiple of 2?
True
Is 83403980 a multiple of 3110?
True
Does 449 divide 278130356?
True
Is 15 a factor of 104587005?
True
Is 15752774 a multiple of 102?
False
Is 98 a factor of 109613567?
False
Is 2250 a factor of 1607733000?
True
Is 73221853 a multiple of 37?
True
Does 420 divide 422100?
True
Is 38287193 a multiple of 1080?
False
Is 46402111 a multiple of 48?
False
Is 34 a factor of 1982299505?
False
Is 7768809 a multiple of 5?
False
Is 17047677 a multiple of 123?
True
Is 10826920 a multiple of 188?
True
Is 177320725 a multiple of 600?
False
Is 10 a factor of 3908370?
True
Does 15 divide 937886250?
True
Is 250525470 a multiple of 26?
True
Is 47157327 a multiple of 191?
True
Is 232276689 a multiple of 683?
True
Is 160 a factor of 5463520?
True
Is 8 a factor of 125814256?
True
Is 53953042 a multiple of 286?
True
Is 524498827 a multiple of 79?
False
Is 621283 a multiple of 13?
True
Is 10711962 a multiple of 6?
True
Does 2 divide 26684575?
False
Does 170 divide 36513620?
True
Does 5146 divide 69461372?
False
Is 4761530137 a multiple of 325?
False
Is 12 a factor of 775859448?
True
Is 30434336 a multiple of 736?
True
Does 817 divide 103200172?
True
Is 96632613 a multiple of 1881?
True
Is 9493568 a multiple of 224?
True
Does 68 divide 416588536?
True
Is 18 a factor of 1056097?
False
Is 10 a factor of 21661889?
False
Is 14419218 a multiple of 22?
True
Is 379 a factor of 1331048?
True
Is 295 a factor of 12081851?
False
Is 15682866 a multiple of 5?
False
Is 3734991 a multiple of 7?
False
Is 935508782 a multiple of 2741?
True
Is 119 a factor of 2927876?
True
Is 32639425 a multiple of 175?
True
Does 30 divide 902418780?
True
Is 4358299 a multiple of 6?
Fa